 r?
24
Let i be (-2 - -5)/(-6)*(-1 - 13). Let z be i/(-21) + (-3)/(18/(-32)). Let h be (8 - z)/((-3)/171*-1). What is the highest common divisor of 19 and h?
19
Let f(v) = v**3 - 4*v**2 + 77*v - 558. Let d be f(10). Calculate the greatest common factor of d and 84.
28
Suppose 0 = -v - 6, -6*p + 5*v = -2*p - 110. What is the greatest common divisor of 1000 and p?
20
Let b be -2 - (0 + (-192)/(-4)). Let q = 126 - b. Calculate the greatest common divisor of 11 and q.
11
Suppose -9870 = -32*g - 9742. Calculate the highest common factor of g and 3824.
4
Suppose -2*z + 52 = -2*i - 2*i, -59 = -4*z - i. What is the greatest common factor of 3728 and z?
16
Let j(w) = 9*w + 40. Let c be j(-3). Suppose -1885 = -16*a - c*a. Calculate the highest common divisor of a and 5.
5
Suppose -2*q + 93 = -59. Suppose 0 = 3*f - 5*m - q, -f - 5*m - 6 - 2 = 0. Suppose 9*u + f = 80. What is the highest common divisor of 49 and u?
7
Suppose 4*o = -4*q - 61 + 77, 0 = -4*o - 3*q + 14. Calculate the greatest common divisor of 1222 and o.
2
Let f = -295 + 573. Let k = -113 + f. Calculate the highest common divisor of k and 45.
15
Let r be -6 - (-25 - -28)/((-3)/2). Let s be r/10 + 14909/85. Calculate the greatest common factor of s and 140.
35
Let p be 3/12 + 14994/24. Let c = -1704 + 1729. Calculate the greatest common divisor of c and p.
25
Let l be 4/38 - (-377676)/2223. What is the greatest common divisor of 30 and l?
10
Let k be (-132)/(-21) - 2/7. Let c = -13 - -1. Let r be c/(k*(-5)/40). What is the highest common divisor of 8 and r?
8
Let g = 164 + -156. Let y(b) = b**2 + 15*b + 24. Let d be y(-15). What is the highest common divisor of d and g?
8
Suppose -92840 - 550058 = -330*z - 103348. What is the highest common divisor of 135 and z?
15
Let b = 25725 + -25473. Calculate the greatest common factor of 7812 and b.
252
Let w = 4711 - 4415. Calculate the greatest common factor of 333 and w.
37
Let d be 21/(-7*9/(-42)). Suppose -d*o + 18*o - 2*j = 14, -4*o - 3*j + 29 = 0. Calculate the greatest common factor of o and 40.
5
Suppose -3*r + 4*u + 6387 = 0, -4*u = 5*r + 1587 - 12136. What is the highest common divisor of 87 and r?
29
Let b(n) = -n**2 - n + 1. Let h(s) = 7*s**2 + 6*s - 35. Let q(x) = 6*b(x) + h(x). Let l be q(-7). Calculate the greatest common factor of 2 and l.
2
Let i(h) = 33*h - 37. Let d be i(-8). Let g = d + 461. Suppose 3*q - 88 = -2*a, 4*q = a + 4*a + 148. Calculate the highest common divisor of g and q.
32
Let m be 42/(-5)*(-23 - -3). Suppose 12*o = -9*o + 483. Suppose u = 1, -24*g + o*g + 4*u = -17. What is the greatest common factor of g and m?
21
Let m = 197 + -333. Suppose -155 + 320 = 55*q. Let o be m/(-4 + 6/q) + 4. What is the greatest common divisor of 9 and o?
9
Let m = -63 + 173. Suppose m = 11*o - 6*o. Let y(n) = 175*n**3 - 6*n + 7. Let r be y(1). Calculate the greatest common factor of o and r.
22
Let l be 1437/39 + (-92)/(-598). Suppose 3*z - 1181 = -4*o - 0*o, 3*o + 4*z - 884 = 0. Calculate the greatest common factor of l and o.
37
Let z be (-580)/44 - (-4)/22. Let k = z - -25. Let h(f) = 20*f + 1016. Let t be h(-49). What is the greatest common factor of t and k?
12
Suppose p = -4*s + 320, -4*p - 1 - 357 = -5*s. Calculate the highest common factor of 962 and s.
26
Suppose -6*g + 274 = 2*t - 7*g, 0 = t - 5*g - 128. Let q(s) = 3*s**2 - 4*s - 3. Let l be q(-5). Calculate the highest common factor of l and t.
46
Let i = -10316 + 10448. Calculate the highest common factor of 6644 and i.
44
Suppose -882*o - 250848 = -949*o. Calculate the greatest common divisor of 128 and o.
32
Let z = 1625 + -1610. What is the greatest common divisor of z and 7230?
15
Suppose -2*t = -r + 154 + 102, 3*r - 5*t - 771 = 0. Calculate the highest common divisor of 3275 and r.
131
Let y(g) = 218*g**2 + 218*g**2 - 447*g**2 - g**3 - 10*g + 10. Let h be y(-10). Calculate the highest common factor of h and 90.
10
Suppose 651 = 5*j - 21*m + 24*m, -4*j + 3*m + 537 = 0. What is the greatest common factor of 3228 and j?
12
Let s(k) = k**3 - 15*k**2. Let t be s(15). Suppose t - 12 = 3*f. Let r be (-20)/(-80) - 1231/f. Calculate the highest common factor of 28 and r.
28
Suppose 2*k - 2742 = -4*j, -5*j - 3*k = -1949 - 1477. Let f = j - 492. Calculate the greatest common divisor of f and 30.
15
Let p be (5 - ((-6)/(-12) - -8))/(1/(-2)). Calculate the greatest common factor of p and 847.
7
Suppose 0 = 33*n - 32*n - 18. Let f(m) = 3*m - 54. Let g be f(n). Suppose -2*q - 7 + 37 = g. What is the highest common divisor of 45 and q?
15
Suppose 11*t + 259285 = 152*t - 1520840. What is the highest common factor of t and 625?
125
Let v be (-370)/(-4) - (-1)/2. Let i = v - 79. Suppose -3*f = 38 - 143. Calculate the highest common divisor of i and f.
7
Let o = 489 + -492. Let z be (o - (-69)/21)*35*1. What is the highest common factor of z and 10?
10
Let x(c) = 14*c**2 - 41*c + 39. Let q be x(13). What is the highest common divisor of q and 288?
144
Let i(v) = 49*v**2 + 244*v - 2. Let c be i(-15). What is the greatest common factor of 37 and c?
37
Suppose 249*q - 810 - 261 = 1170. Suppose 4*p = -3*a + 50, 0*a - 2*p = 3*a - 52. What is the greatest common factor of q and a?
9
Let m(g) = -g**3 + 41*g**2 + 73*g - 582. Let i be m(18). What is the highest common divisor of i and 16?
8
Suppose 0 = -7*h + 673 + 1189. Suppose 4*q - 2*v - 278 = 0, 2*q - 2*v + h = 6*q. Let f be 1/(32/(-34) - -1). What is the greatest common divisor of q and f?
17
Suppose 0 = 11*g - 24582 - 19638. What is the greatest common factor of g and 240?
60
Let w be -3*2 + (-26*42)/(-14). Suppose -19*n = -15*n - 1008. Calculate the highest common divisor of n and w.
36
Suppose 6*v = 2*v - 124. Let c(z) = 188*z - 259. Let g be c(1). Let k = v - g. What is the highest common divisor of 50 and k?
10
Suppose -70 = o - 71. Let m(f) = -f**3 - 6*f**2 + 9*f + 8. Let u be m(-7). Let l = u + 13. Calculate the greatest common divisor of l and o.
1
Suppose 4*f - 20 = x, -4*x = 5*f + 1 - 5. Suppose f*o = 5*o - 12. Let q(b) = 2*b**2 + 4*b - 4. Let r be q(-10). What is the greatest common divisor of r and o?
12
Suppose 2*x + 19 = 3*a, -9*x - 2*a + 6 = -7*x. Let y be 1/x + 4/(-8) + 7. Calculate the greatest common factor of 21 and y.
3
Suppose -2*z = -87 - 73. Suppose 6 = 5*v + 1, -429 = 4*s + 3*v. Let j be s/(-10) - -4*(-7)/35. Calculate the highest common factor of z and j.
10
Let u be ((-3818)/(-115))/((-4)/(-100)). Calculate the highest common factor of 166 and u.
166
Let h(f) = -83*f**3 - 44*f**2 - 16*f - 13. Let c be h(-3). Calculate the greatest common factor of 460 and c.
20
Let m = 1732 - 1652. What is the highest common factor of 1840 and m?
80
Let z = -26002 + 26242. What is the highest common divisor of 8688 and z?
48
Suppose 5*x = -0*x + 1920. Let n be (-1944)/162*(-8)/6*9. What is the highest common factor of n and x?
48
Suppose 4*k = -4*y + 252, 3*y = -3*k + 7*y + 210. What is the greatest common factor of k and 4840?
22
Let a(z) = -48*z - 527. Let n be a(-12). Calculate the highest common divisor of 5096 and n.
49
Suppose -2*r + 3*r - 3*y - 201 = 0, 5*r - 4*y = 994. Suppose -4*m - 14*m = -r. Calculate the highest common divisor of m and 11.
11
Suppose -5*j = -j - 92. Let g = -23 + 368. Let p = 414 - g. What is the greatest common divisor of p and j?
23
Let w(f) = 5*f + 8. Let l be w(2). Suppose 6*r + l = 12*r. Suppose -r*a = d - 29, -4*d - 4*a + 81 = -11. What is the greatest common factor of 8 and d?
4
Let m = 11032 + -10807. Calculate the greatest common factor of m and 285.
15
Suppose 0 = 2*v - j + 341, -3*v + 3*j - 507 = -0*j. Let i = v + 362. Let x be 0 + ((-9)/63 - (-534)/14). What is the greatest common factor of x and i?
38
Let b be 1044/20 - 1/5. Suppose -5*r - 138 = b. Let g = r + 71. Calculate the highest common divisor of g and 363.
33
Let o be 2113/8 + (98/(-16) - -6). Suppose o = -626*w + 632*w. What is the highest common factor of 110 and w?
22
Let w(g) = -4*g**2 - 4*g + 62. Let z be w(-11). Let i be (z/162)/(2/(-48)). What is the greatest common divisor of 98 and i?
14
Suppose -5*p - 1085 = 5*g, 0 = -2*g - 3*g - 25. Let k = -201 - p. Calculate the greatest common divisor of k and 3.
1
Let n(l) = -l**3 - 12*l**2 - 14*l - 57. Let g be n(-11). Let s = -33 - -78. Let v = s + g. Calculate the highest commo